13
Evaluate (95 - -1) + -5044 + 4859.
-89
Evaluate (38 + -61 - -29) + 19 + 0.
25
What is -6 + (2 + 13 - 8) + 17?
18
What is the value of -9 - (-49 + 2 + 1 + 16)?
21
What is (-141 + 57 - -56) + 37?
9
What is the value of (-9 - (-6 - -3)) + 40?
34
What is -3 - (59 + (-60 - 3) + (-13 - -1))?
13
What is -9 + -7 + (-9 - -1) + -24?
-48
Evaluate 16 + 0 + (-23 + -68 + 13 - 0).
-62
Calculate (24 + 11 - 38) + 18 + 36.
51
What is the value of ((-51 - 4) + -3 - ((-9 - 12) + 13)) + 4?
-46
Evaluate (-2 - 15) + (2 - (0 + 5 + (0 - 6))).
-14
-68 + 10 + (104 - 7)
39
What is (-140 - 140 - -264) + 1 + 37?
22
What is the value of (24 - 52) + (6 - (-62 - 25))?
65
Calculate 9 + -2 + -8 - (-5 + -4 + -4 - -3).
9
Calculate 6 - (12 - ((-28 - 5) + -22)).
-61
What is -71 + (-14 - (-4 + -8 - (0 - -3))) + 10?
-60
Evaluate -19 - ((-53 - -27) + -23).
30
What is 1952 - 1976 - (-4 + (-5 - -50))?
-65
Calculate 6 + 8 - (-5 + (31 - 52)).
40
30 + -1 - (-82 + (53 - -42))
16
(2 - (-3 + 0)) + -22 + 44 + -90 - -5
-58
Calculate 3 + -102 + (-2177 - -2307).
31
6 + 2 + -20 + 3 + (4 - 1) - 51
-57
Evaluate (-10 - -7) + -2 - (10 + -9 - 40).
34
Calculate -86 + (-1 - (-2 + 7 - 19 - -28)).
-101
Calculate 1511 + -1492 + (1 - (7 + -2)).
15
Calculate 25 - (67 + (-11 - (-50 - -23))).
-58
-1 + 0 + 3 + (10 + (2 - 2) - 42)
-30
What is (-37798 - -37801) + (-1 - 2 - -2)?
2
Calculate -41 + 10 + (-7 - (-13 - (-4 - 4))).
-33
What is the value of (-232 - -223 - (-13 - 1)) + -3 - (-60 + -1)?
63
Calculate 1 + -31 - (604 + -656 + (39 - 2)).
-15
Calculate 592 + -544 - (40 + -2).
10
What is (160 - 162) + -10 + -50 + 2?
-60
Calculate (-9 + -5 + 13 - 7 - (0 - -2)) + 7.
-3
What is -54 + (40 - 31 - -13)?
-32
What is the value of 12 - -21 - (1 + 6 - 8 - 8)?
42
Calculate (-39 + -46 - -31) + 44.
-10
What is the value of -9 + (30 - 13) - (0 - (-7 + -5))?
-4
Evaluate (-17 - -33 - (-1 - (2 - -107))) + -6.
120
Evaluate -48 - ((-112 - -175) + -94).
-17
(97 - 46) + -37 - (0 + -5 + 7)
12
What is the value of (-15 + -13 - 61) + 56?
-33
-35 - (-14 - -42 - 75)
12
Evaluate 1 + -5 - (-34 - (-47 + -3)).
-20
What is -134 - -187 - (9 + (2 - -2)) - (4 + 1)?
35
What is the value of -1 - -1 - -4 - (-48 + 102 + -16) - 7?
-41
What is 6 - 0 - (107 + (-14 - (-22 + 2)) + 18)?
-125
3 - (-2 + (-13 - -30) + -100) - 2
86
What is (63 - (4 - -33)) + -64?
-38
-14 - (-5 + 7 + -3 + 14 - 59)
32
What is -174 - (-69 - -22) - -148?
21
-5 + -30 + 34 + (-32 - 27)
-60
(-15 - 32) + (-23 - -88)
18
What is the value of -18 - (-2 + -13) - (-32 + 23)?
6
Calculate -23 + 48 + 12 + -18 - -73.
92
What is the value of 161 + -82 + -7 + -63?
9
Evaluate -25 - (87 + -112) - 56.
-56
Calculate 13 + (-36 - (-3 - 7)) + -7.
-20
What is 3 + -48 + (250 - 229)?
-24
Calculate -1 + (-48 - -53) + -16 - (22 - 3).
-31
Calculate (-46 + 48 - -53) + -53.
2
-34 + 66 + 27 + -50
9
What is the value of (4 - 11) + 16 + -28 - (-161 - -32)?
110
-45 + -1 - (3634 + -3639)
-41
What is the value of 10 - ((35 - 1) + -871 + 886)?
-39
What is the value of -8 + -1 + 92 + (104 - 227)?
-40
78 + (33 - (168 + -60))
3
What is the value of 16 + (27 - (-8 - -9 - (-1 + -1)))?
40
Evaluate 12 - (-283 + 272 + (-2 - -34)).
-9
What is the value of -30 + (31 + 18 - 65)?
-46
What is the value of (-13 - -16) + 1 + -87 + 22 + -5?
-66
Evaluate (-8 + 104 - (-1 - -13)) + (-3 - 4).
77
1 + (4 - 3) + (-7 - (31 + -24 - 3))
-9
Calculate -194 + 141 + (15 - -74).
36
Evaluate (8 - -1) + -3 - (-31 + (-11 + 103 - 3)).
-52
Calculate (-2982 - -2982) + -23 + 0 + -3.
-26
93 + (16 - 178) - -97
28
Calculate -3 + (10 - -15) + (-4 - 8) + 6.
16
Calculate (1 - 29) + 80 - (22 + -11).
41
Calculate (369 - 357) + -1 + -46.
-35
What is the value of -115 + 107 + 5 + 18 + 0?
15
Calculate (-3 - 97) + (-2261 - -2317).
-44
84 - (74 + -52 + -4)
66
-2 + -5 + -2 - (-45 + (7 + 2 - -14))
13
2 + (0 + -3 + -4 - (-10 - 9)) + 52
66
Evaluate (8 - (12 + 6) - -54) + 22 + -27.
39
What is -41 + (76 - (75 - 50)) - (-69 + 2)?
77
Evaluate 128 - 35 - 90 - -68.
71
What is the value of -65 - (78 + -159) - 39?
-23
Calculate 134 + -135 + (-7 - -30) + 2.
24
Evaluate (4 + -3 - (5 + -16 + 18)) + 17 - 78.
-67
Calculate -2 - 9 - (-3 + (9 - 22 - -15) + -118).
108
Calculate -14 + -5 + (15 - -4 - (52 - 47)).
-5
What is 1 + -6 - ((7 - 7) + 7 + 14 + -12)?
-14
Calculate -1 + 6 + (-1 - 22) + -668 + 690.
4
Calculate -48 + 27 + 33 + -32.
-20
Calculate -4 + 14 + (-35 - (5 - 33)).
3
Calculate -6 - -1 - (-103 - (67 - 110 - (-29 - -4))).
80
What is -9 - (-17 + 21 + -17 + (64 - (6 + -10)))?
-64
Calculate -28 - (((8 - 10) + 6 - -3) + -17 - -6).
-24
Evaluate -146 + 26 + (587 - 546).
-79
Calculate 13 + 12 + (-9 - (-30 - -2)).
44
Calculate 7 - ((-22 - (-3 + 1)) + 7 - -35).
-15
Evaluate -265 - (69 - 520) - (47 + 2).
137
Evaluate -60 + 2 + (7 - (23 - -2) - (-133 - -122)).
-65
Calculate -10 + (-17 - (-25 + 2) - -52).
48
Calculate (5 - 19) + (-13 + 31 - 7) + 99.
96
What is the value of -117 + 120 - (2 + 31) - -46?
16
What is (-6 - (-12 - -3)) + -17 - (-155 + 198)?
-57
What is the value of 7 + (12 - -1) + -8 + 46?
58
(-12 + -26 - -31 - (43 + -1)) + 3
-46
Evaluate -5 + (-8 - 4) + -68 - -33.
-52
What is (-7 - -17) + -3 - (2 - -64 - 6)?
-53
What is the value of 7 - ((1 + -3 - 7) + 2 + 3) - 37?
-26
27 + (68 - 182) + 24 + -4
-67
(9 + -23 - (5 - 6) - 6) + -48
-67
What is the value of -3 + 135 + -122 - ((-1 - (3 - 2)) + -102)?
114
Calculate -10 - (25 + (-11 - -9) + -15 - (1 - -81)).
64
Calculate -7 - -20 - 8 - (15 - (29 - 14)).
5
What is the value of (89 - 3) + (-5 - -1) + (75 - 101 - -20)?
76
-33 + (53 - 5) + -16
-1
What is -203 + (102 - -94) + 40 + 1?
34
-8 + 14 - (308 - 342)
40
What is -24 + 22 + (133 + 17 - -6 - 6)?
148
Evaluate (-3359 - -3340) + -2 + -2 + (-2 - -1).
-24
What is -3 - 18 - (-12 + -7 + (26 - 121))?
93
What is the value of 39 + -122 + (-5 + 18 + -8 - 10)?
-88
Evaluate 9 - (-74 - (-57 + 12) - (-1 - -10)).
47
-8 - ((-7 + -9 + 6 - 5 - -10) + -45)
42
Calculate -681 + 633 - (-6 + (6 + -3 - -1) + 1).
-47
What is the value of -5 - (10 + (-2 - 8) + 13 + (2 - 3))?
-17
What is 8 + -43 + 17 + 18 + 32?
32
Calculate -10 + 0 + 55 + -26 + 38 + -22.
35
What is -102 - (-1 - -8 - (-3 + 8))?
-104
What is -26 - (67 + -77) - (5 + -3 + 34)?
-52
What is the value of -489 + 492 + (2 - 15) + (0 - -117)?
107
What is 278 - 300 - (-2 + (-22 - -2))?
0
What is -57 + 61 - (-44 - 0 - (-1 - (-5 - -8)))?
44
What is the value of (-3858 - -3856) + 3 + -5 + (1 - -1)?
-2
What is -86 + (182 - 45 - -7)?
58
Calculate -31 - (3 + -1 + (4 + -8 - 9)).
-20
Evaluate 9 - (20 + 12 + -55 + 30).
2
Evaluate 49 - 24 - (-11 - 2 - (47 - 46)).
39
Calculate -23 - (-62 + 9 + -14).
44
Evaluate 46 - (-78 + 35 - -16).
73
What is the value of -2 - -11 - (-11 - (20 + 11 + -14 + -11))?
26
What is the value of (-35 + -23 - 15) + 27 + -9 + -1?
-56
(-27 - (5 + -34)) + (-1 - (-4 + 11)) + 11
5
Evaluate (-16 - -3 - 1) + (-35 - (7 + -47)).
-9
What is 416 + -465 - ((-18 - -3) + 0)?
-34
6 + -11 - (-38 - (7 - -4))
44
Evaluate 34 + (19 - (12 - 12)) + -11.
42
-158 + 126 + -251 + 146
-137
What is the value of -10 - (-40 + (7 - (26 + 1 + -8)))?
42
-10 - -23 - (-13 - (-7 - (128 + -10 - -10)))
-109
Evaluate 10 + 5 + (-20 - -20) - -17.
32
What is -57 + (68 - 10) + -126?
-125
Calculate -727 - -675 - (29 - 0) - 4.
-85
What is (0 + -17 - (-88 - -66)) + (29 - -1 - 2)?
33
Evaluate 3 - 71 - (95 + -119).
-44
3 + (-20 - (15 + 23 + -19))
-36
What is 2 - 28 - (30 - (-111 + 95))?
-72
(-19 - (-35 - -63)) + 5
-42
12 - (-5 - (-23 - (4 + 0))) - (-2 + 35)
-43
-11 + 34 + -21 + -9 + 20
13
Evaluate 160 + (-122 - (-231 + 148)).
121
What is (0 - -3) + (-19 + (26 - 10) + -10 - -1)?
-9
-1 - 0 - -19 - (-826 - -801 - (1 + -16))
28
What is -37 - ((62 - 90) + 35)?
-44
What is 33 + -66 + -6 + 1 + (1 - 3)?
-40
38 - (10 + (8 - -11)) - (18 - 2)
-7
(3 - -27) + (-18 - 73 - -86)
25
What is -10 + 6 + -1 + (-5 - 6) + 15 + 40?
39
-20 - (22 + (8 - (7 + 7)))
-36
Calculate -12 + (46 - -34) + -58.
10
Evaluate 13 + 2 - (-7 - -2) - 38.
-18
What is the value of -366 + 396 + 2 + (-2 - -2) + -2?
30
374 + -298 - (49 - -2)
25
Evaluate -1 - ((3 - 4) + 42) - -21.
-21
Evaluate 47 - (-1131 - -1142 - (-1 + 1 + 0)).
36
What is the value of -44 + 0 - (-35 + -251 + 248)?
-6
Evaluate -15 + (-159 + 147 - (4 + 1)).
-32
Evaluate 3 + 25 + -8 + 3 + -20 + (2 - 50).
-45
Evaluate -82 + -4 + (15 - 6) + 2 + -10 + -2.
-87
Calculat